y**2. What is s(-3)?
2
Let k = -48 - -51. Let s(g) = 4*g**2 - 5*g**2 - k + 4 - 4 - 8*g. Give s(-7).
4
Let b(t) = t + 2. Let o(k) = -1. Let d(l) = b(l) + 5*o(l). Suppose 0*h - 325 = -5*h. Let q = -65 + h. Give d(q).
-3
Let h(c) = -9*c - 18. Let f(s) = 4*s**2 + 72*s - 2. Let b be f(-18). Give h(b).
0
Let y(b) = -b - 4. Suppose j - 4 + 0 = 0. Suppose -2*n + j + 14 = 0. Suppose -2*i + 5*i + 3*o - n = 0, 2*i = -5*o. Calculate y(i).
-9
Let s(i) = -2*i**2 - 1. Let y(x) = -7*x**2 + 12*x + 17. Let u(g) = -4*s(g) + y(g). What is u(-6)?
-15
Let u(i) = 30*i**3 - 4*i**2 - 17*i + 8. Let y(b) = 7*b**3 - b**2 - 4*b + 2. Let j(m) = 2*u(m) - 9*y(m). Determine j(2).
-18
Suppose -3*m + 7 = -2. Suppose m*q - 9 = 3*l + 2*l, 3*l = 0. Let f(i) = 4*i - 1 - 2 + i. What is f(q)?
12
Let y(a) be the first derivative of a**7/840 - a**6/60 - a**5/15 + a**4/6 - 28*a**3/3 + 14. Let q(b) be the third derivative of y(b). Determine q(7).
-3
Let c(t) = t**2 + 2*t - 1. Let x(q) = -2*q**2 - 14*q + 8. Let h(j) = 3*c(j) + x(j). Calculate h(5).
-10
Let g(z) = -14*z**3 + z**2. Let c = -50 + 49. Determine g(c).
15
Let m = 13 + -7. Suppose -3*c + f = -4*c - 5, 2*c = 2*f + m. Let z(s) = 6*s + 1. Give z(c).
-5
Let n(v) be the first derivative of v**2/2 - v + 2. Let l(x) = -9*x. Let d be l(1). Let c = d + 8. Give n(c).
-2
Suppose 4*g = g + 9. Let c be -2*(g + 10/(-4)). Let t(h) = -12*h + 1. Calculate t(c).
13
Let h(x) = -x**2 + 27*x + 58. Let f be h(29). Suppose f = -5*t + 14 - 4. Let g(n) = -n + 1. Calculate g(t).
-1
Let h = 5 + -8. Let b be (0 + 2)/(h/9). Let v be (0 + b)*(-10)/15. Let q(z) = z**3 - 5*z**2 + 3*z. Give q(v).
-4
Let y(h) = h**3 - 22*h**2 + 40*h. Let x be y(20). Suppose 4*b - 2*m + 3 = 5, -3*b + 2*m = -1. Let u(p) = p**2 - 2 - 4 + b. Give u(x).
-5
Let k(g) = 8*g + 1. Let f(s) = -4*s - 1. Let h(n) = 5*f(n) + 3*k(n). Give h(-3).
-14
Let y(r) = 7*r**3 - 4*r**2 + 3*r. Let i(f) = 4*f**3 - 2*f**2 + 2*f. Let p(z) = -5*i(z) + 3*y(z). Give p(0).
0
Let n(w) = 3*w + 5. Let j be -15 - -20 - 4/2. Suppose 10 = -j*y + 4. Let x(l) = -2*l - 6. Let t(c) = y*x(c) - 3*n(c). Determine t(-2).
7
Let k(f) = -2*f**3 + 11*f**2 - 6*f + 6. Let u(l) = l**3 - 5*l**2 + 3*l - 4. Let b(r) = -3*k(r) - 7*u(r). Calculate b(3).
-8
Let a(r) be the second derivative of 0 - 1/2*r**3 + 8*r + 0*r**2. Calculate a(3).
-9
Let v = -18 - -22. Let p(t) = 5*t + v + 7*t + 8*t**2 - 2*t**2 + t**3 - 4*t. What is p(-5)?
-11
Let f(y) = -10*y - 35. Let w(o) = -18*o - 60. Let t(h) = -5*f(h) + 3*w(h). Determine t(6).
-29
Let s = -15 + 9. Let m be 1*4 + (-12)/s. Let n(q) = 11*q**2 - 6*q + 2. Let y(u) = 2*u**2 + 1. Let g(w) = n(w) - 5*y(w). What is g(m)?
-3
Let j(d) = -d**2 + 51*d - 372. Let w be j(9). Let a(t) = -t**2 - 4*t + 61. Give a(w).
1
Suppose -201 = -95*r - 106. Let h(n) = 4*n**2 + 2*n**2 + 2*n**2. Calculate h(r).
8
Let r(y) be the second derivative of y**6/360 - y**5/12 - 3*y**4 + y. Let o(g) be the third derivative of r(g). Determine o(7).
4
Let q(r) = r**2 - 4*r - 7. Let k be q(6). Let t(p) = 9*p - 10. Let x(n) = 5*n - 5. Suppose i - 4 = -0*i. Let w(m) = i*t(m) - 7*x(m). What is w(k)?
0
Let x(w) = w**3 - 4*w**2 + 2*w + 5. Let p = -119 + 123. What is x(p)?
13
Let n(u) be the third derivative of 1/24*u**4 + 22*u**2 - 3/2*u**3 + 0 + 0*u. Determine n(9).
0
Let t(x) = 319*x + 326*x + 320*x - 9*x**2 + 1 - 963*x. Calculate t(1).
-6
Suppose 35 = 4*j + c, 5*j - 4*c + 2*c = 34. Let v be 1/(-2)*-1*j. Let b(q) = -3*q. Give b(v).
-12
Suppose 20 = 4*s, o - 2*o + 4 = -s. Let c(j) = -5*j**2 + o*j**2 + 7*j**2 - 1 - j**2. What is c(1)?
9
Let y(d) = -4*d**2 + 3*d. Let u be -1*(3 - 7 - -2). Let v be 0 - (-1 - (u + -1)). Give y(v).
-10
Let a(s) = -s**3 - 6*s**2 - 4*s - 1. Let f be a(-5). Let v(o) = -6 + 27*o - 29*o + o**2 + 9*o. What is v(f)?
-12
Let b(v) be the first derivative of -13*v**3/3 - v**2/2 + 141. Calculate b(-1).
-12
Suppose -2*s = -4*s + 5*n + 17, -4*s = n - 23. Suppose s = 5*f - 9. Suppose -f*v - 5 = 4*w, -2*v + 25 = -2*w + v. Let o(l) = -2*l + 1. Give o(w).
11
Let w(q) = 0*q + 3*q + 0*q**2 + 2 + q**2 + 1. Let i(m) = m**2 + 4*m + 4. Let l(t) = -3*i(t) + 4*w(t). Suppose -12*z - 20 = -2*z. Determine l(z).
4
Let a(m) = -3*m + 133. Let i be a(48). Let o(p) = p**3 + 12*p**2 + 9*p - 14. What is o(i)?
8
Let q be (-2)/(-3 + 1)*8. Let c = -6 + q. Let b(h) = 7 + c*h**2 + 0*h**2 + h**2 - 2*h**2 + 6*h. What is b(-5)?
2
Let y(j) be the second derivative of -j**5/60 + j**4/4 + j**3 + 15*j**2/2 + 15*j. Let b(a) be the first derivative of y(a). Give b(6).
6
Let j(s) be the first derivative of s**3/3 - 17*s**2/2 - 10*s - 231. Calculate j(18).
8
Let k(j) = -12*j**2 - j + 1. Let a(s) = s**2 + 24*s + 81. Let n be a(-20). Give k(n).
-12
Let h(t) = t + 1. Let c(n) = -2*n + 2. Let b(j) = c(j) + h(j). Let w(g) = -11*g**2 + 10*g**2 + 8*g**2. Let p be w(-1). Give b(p).
-4
Let g(c) = c**2 - 12*c + 35. Let m be g(11). Suppose 8*d - m = -0*d. Let a(u) = -8*u + 1. What is a(d)?
-23
Let p(u) be the first derivative of 0*u**2 + 1/4*u**4 + 10 + 0*u - u**3. Determine p(3).
0
Suppose 19 = 2*h - j, 0 = -7*h + 2*h + 3*j + 47. Let v(o) = o**2 - 11*o + 14. Determine v(h).
4
Let v(t) = t**2 + t - 38. Let p be v(-7). Let u(c) = -3*c - 5. What is u(p)?
-17
Suppose -2*l = -0*l - 4, 4*j + 3*l - 22 = 0. Suppose 2*i + 4*y = 3 + 9, -j*i + 13 = -3*y. Let p(k) = -1 + 7 + 0*k - 4*k. What is p(i)?
-10
Let s(p) = 11*p**3 + 11*p**2 - 46*p + 23. Let u(q) = -7*q**3 - 8*q**2 + 30*q - 15. Let y(i) = 5*s(i) + 8*u(i). Give y(-10).
-5
Let q(t) be the second derivative of -t**7/2520 - t**6/180 - t**4/6 - 26*t. Let h(m) be the third derivative of q(m). What is h(-4)?
0
Let z(h) = 84*h**2 - 3*h - 4. Let c(v) = -13*v**2 + v + 1. Let u(g) = -6*c(g) - z(g). What is u(-1)?
-5
Let m(l) = l**3 - 3*l**2 + 3*l + 4. Let s be (1 + 8/(-12))*0. Suppose 5*y + y - 18 = s. Give m(y).
13
Let c(v) = -702*v - 169. Let q(d) = 25*d + 6. Let a(x) = -6*c(x) - 169*q(x). Suppose 2*m + 2 = 5*i - 1, -3*m = 3*i - 6. Give a(i).
-13
Let g(n) = 4 - 17 + n + 8. Let f be g(8). Let c(w) = 0*w**3 - w**3 - 3*w**2 - 4*w**f + 4*w**3 - 4 - w. What is c(-3)?
-1
Let w(h) = 9 + 3 + 50*h - 49*h. Calculate w(-4).
8
Let u(a) be the third derivative of -a**6/120 - a**5/10 - a**4/3 - 11*a**3/3 + 59*a**2. What is u(-5)?
-7
Let z = 46 - 42. Let n(d) = 37*d - z - 39*d + 9. Calculate n(4).
-3
Let y(j) be the second derivative of -13*j**3/6 + 127*j - 3. Calculate y(1).
-13
Suppose 0 = -g + 2*p - 10, 4*p + p - 35 = 5*g. Let v(q) = -11*q**2 + 11*q + 11. Let o(h) = 5*h**2 - 5*h - 5. Let c(l) = -9*o(l) - 4*v(l). Calculate c(g).
-19
Let v(k) = -39*k - 33. Let c be v(-1). Let m(s) = s**2 - s - 8. What is m(c)?
22
Let p = -26 + 28. Let m(u) = 2*u**3 - 2*u**2 - u + 1. Let s be m(p). Let x(y) = 6 - s - 4*y + 3*y - 6. What is x(-7)?
0
Let k(z) = z. Let b(y) = y**3 + 6*y**2 - 12*y - 4. Let t(a) = b(a) + 3*k(a). What is t(-7)?
10
Let x(i) = 6*i**3 + 4*i**2 - 1. Let z = -8 - -13. Suppose -3*l - 12 = -0. Let p(h) = 5*h**3 + 3*h**2 - 1. Let d(a) = l*x(a) + z*p(a). Give d(2).
3
Let a(f) = -8*f**3 - f**2 + 4*f - 1. Let t(k) = 18*k**3 + 3*k**2 - 8*k + 2. Let d(j) = -7*a(j) - 3*t(j). Calculate d(3).
25
Let b(q) = -q**2. Suppose -8 + 15 = 7*d. What is b(d)?
-1
Let b(y) be the second derivative of -y**4/12 + 7*y**3/3 - y**2/2 + 5*y - 33. Give b(13).
12
Let m be ((-6)/5)/(10/25). Let p = -14 - -8. Let i be (-15)/p*6/m. Let g(q) = q**3 + 5*q**2 + 2*q + 6. What is g(i)?
-4
Let s(j) = -3*j - 31 - 7*j + 6*j**2 - 7*j**2 + 74. What is s(-13)?
4
Let o(t) = 3*t - 102. Let n be o(35). Let y(l) be the second derivative of 1/12*l**4 + 6*l + 0 + 1/2*l**2 - 1/2*l**n. What is y(4)?
5
Let z(f) = f**2 + 5*f + 4. Let p(t) = 4*t + 16. Let w be p(-7). Let r = w + 3. Let l be (-20)/(-90) + 47/r. What is z(l)?
4
Let c = -17 + 26. Suppose 7*a - c*a + 14 = 0. Let q(t) = t**2 + t - 1. Let l(p) = -4*p**2 + 6*p - 7. Let b(f) = -l(f) - 3*q(f). Calculate b(a).
-4
Let u be (4/2 - 12) + 0. Let c be (8/(-20))/(2/u). Let s(f) = -f - c*f + 1 - 3 + f. Calculate s(-2).
2
Let z(b) = b**3 - 10*b**2 - 7*b - 9. Let k(h) = -2*h**3 + 10*h**2 + 6*h + 10. Let o(p) = -2*k(p) - 3*z(p). Give o(-9).
7
Let a be (2 - -1)*(-5)/(-15). Let z(c) = -3 + c**2 + 5 + a + 8*c. Determine z(-7).
-4
Let p(k) be the third derivative of k**5/20 - 3*k**4/8 - 3*k**3/2 - 35*k**2. Let y(h) = h**2 - h. Let d(w) = -p(w) + 2*